{"id":38,"date":"2018-12-31T19:03:22","date_gmt":"2018-12-31T19:03:22","guid":{"rendered":"http:\/\/www.ciwic.sk\/?page_id=38"},"modified":"2019-01-01T10:48:35","modified_gmt":"2019-01-01T10:48:35","slug":"nasa-praca","status":"publish","type":"page","link":"https:\/\/www.ciwic.sk\/?page_id=38","title":{"rendered":"Na\u0161a pr\u00e1ca"},"content":{"rendered":"<p><a href=\"http:\/\/www.ciwic.sk\/?page_id=529\">Z\u00e1mkov\u00e1 dla\u017eba<\/a><\/p>\n<p><a href=\"http:\/\/www.ciwic.sk\/?page_id=384\">Mont\u00e1\u017e gabionov<\/a><\/p>\n<p><a href=\"http:\/\/www.ciwic.sk\/?page_id=458\">Ploty<\/a><\/p>\n<p>&nbsp;<\/p>\n<p>&nbsp;<\/p>\n","protected":false},"excerpt":{"rendered":"<p>Z\u00e1mkov\u00e1 dla\u017eba Mont\u00e1\u017e gabionov Ploty &nbsp; &nbsp;<\/p>\n","protected":false},"author":1,"featured_media":0,"parent":0,"menu_order":0,"comment_status":"closed","ping_status":"closed","template":"","meta":[],"_links":{"self":[{"href":"https:\/\/www.ciwic.sk\/index.php?rest_route=\/wp\/v2\/pages\/38"}],"collection":[{"href":"https:\/\/www.ciwic.sk\/index.php?rest_route=\/wp\/v2\/pages"}],"about":[{"href":"https:\/\/www.ciwic.sk\/index.php?rest_route=\/wp\/v2\/types\/page"}],"author":[{"embeddable":true,"href":"https:\/\/www.ciwic.sk\/index.php?rest_route=\/wp\/v2\/users\/1"}],"replies":[{"embeddable":true,"href":"https:\/\/www.ciwic.sk\/index.php?rest_route=%2Fwp%2Fv2%2Fcomments&post=38"}],"version-history":[{"count":4,"href":"https:\/\/www.ciwic.sk\/index.php?rest_route=\/wp\/v2\/pages\/38\/revisions"}],"predecessor-version":[{"id":533,"href":"https:\/\/www.ciwic.sk\/index.php?rest_route=\/wp\/v2\/pages\/38\/revisions\/533"}],"wp:attachment":[{"href":"https:\/\/www.ciwic.sk\/index.php?rest_route=%2Fwp%2Fv2%2Fmedia&parent=38"}],"curies":[{"name":"wp","href":"https:\/\/api.w.org\/{rel}","templated":true}]}}